{"id":7,"date":"2012-11-08T18:52:22","date_gmt":"2012-11-08T16:52:22","guid":{"rendered":"http:\/\/verena-troester.de.dd10526.kasserver.com\/wordpress\/?page_id=7"},"modified":"2025-08-17T10:53:54","modified_gmt":"2025-08-17T08:53:54","slug":"vita","status":"publish","type":"page","link":"http:\/\/verena-troester.de\/?page_id=7","title":{"rendered":"Vita"},"content":{"rendered":"<p>Geboren 1984 in Meschede, Nordrhein-Westfalen. Kindergarten, Grundschule und Abitur in und um Schmallenberg im Sauerland, danach raus aus dem Teller und \u00fcber den Rand nach Frankfurt am Main.\u00a0Dort Studium der Kulturanthropologie (M.A.) mit Stipendium in Barcelona und anschlie\u00dfender Journalistenschule Buch- und Medienpraxis an der Goethe-Universit\u00e4t.<br \/>\nFreie Mitarbeit und Praktika beim Fernsehen: ZDF und Hessischer Rundfunk. Dann ins Radio verliebt. Volontariat bei domradio.de\u00a0in K\u00f6ln und ifp (Institut zur F\u00f6rderung publizistischen Nachwuchses e.V.) in M\u00fcnchen. W\u00e4hrend der Ausbildung Station gemacht in weiteren Redaktionen:\u00a0ZDF Landesstudio D\u00fcsseldorf, Radio Sauerland, WDR5 Landesmagazin Westblick in D\u00fcsseldorf.<br \/>\nHeute freie H\u00f6rfunkautorin f\u00fcr <em>WDR und Deutschlandfunk\u00a0<\/em>und<em>\u00a0<\/em>Moderatorin beim\u00a0D<em>omradio<\/em>\u00a0in der Sendung <em>Der Morgen<\/em>. Host beim Podcast &#8222;Himmelklar&#8220;.<\/p>\n<p><strong>Seit 2023<\/strong><br \/>\nHost beim<a href=\"http:\/\/www.himmelklar.de\"> Podcast Himmelklar<\/a>, der als Kooperation der Portale DOMRADIO.DE und katholisch.de produziert wird.<\/p>\n<p><strong>Seit 2013<\/strong><br \/>\nModeratorin beim <a href=\"https:\/\/www.domradio.de\/radio\">Domradio<\/a> und freie Journalistin im <a title=\"Journalistenb\u00fcro punkt um\" href=\"http:\/\/www.punktum-koeln.de\/\" target=\"_blank\" rel=\"noopener\">Journalistenb\u00fcro punkt um.<\/a><\/p>\n<p><strong>2010 bis 2012<br \/>\n<\/strong>H\u00f6rfunkvolontariat bei\u00a0<em><a title=\"domradio - der Sender des Erzbistums K\u00f6ln\" href=\"http:\/\/www.domradio.de\" target=\"_blank\" rel=\"noopener\">domradio.de<\/a><\/em><em>\u00a0<\/em><em>(K\u00f6ln)\/<\/em><em>\u00a0<\/em><em><a title=\"Institut zur F\u00f6rderung publizistischen Nachwuchses e.V.\" href=\"http:\/\/www.ifp-kma.de\/Ausbildung\/Volontaere-im-privaten-Hoerfunk.html\" target=\"_blank\" rel=\"noopener\">ifp<\/a><\/em>\u00a0<em>(M\u00fcnchen)<\/em>\u00a0mit folgenden Praktika:<br \/>\nWDR5 Landesmagazin Westblick<em> (D\u00fcsseldorf), <\/em>ZDF Landesstudio<em> (D\u00fcsseldorf),<\/em>\u00a0Radio Sauerland<em> (Meschede)<\/em>;<br \/>\nStimmbildung und Sprecherziehung bei Antje Wei\u00df\u00a0<em>(K\u00f6ln)\u00a0<\/em><\/p>\n<p><strong>2009 bis 2010<\/strong><br \/>\nFortbildungsprogramm<em><a title=\"Fortbildungsprogramm Buch- und Medienpraxis\" href=\"http:\/\/www.buchundmedienpraxis.de\/\" target=\"_blank\" rel=\"noopener\"> Buch- und Medienpraxis<\/a> (Goethe-Universit\u00e4t Frankfurt) <\/em>mit den Schwerpunkten H\u00f6rfunkredaktion, Pop- und Autorenradio, Fernsehen, Online-Publishing, Presse- und \u00d6ffentlichkeitsarbeit \u00a0 \u00a0 \u00a0 \u00a0 \u00a0 \u00a0 \u00a0 \u00a0 \u00a0 \u00a0 \u00a0 \u00a0 \u00a0 \u00a0 \u00a0 \u00a0 \u00a0 \u00a0 \u00a0 \u00a0 \u00a0 \u00a0<em> \u00a0 \u00a0 \u00a0 \u00a0 \u00a0 \u00a0 \u00a0 \u00a0 \u00a0 \u00a0 \u00a0 \u00a0 \u00a0\u00a0<\/em><\/p>\n<p><strong>2009 bis 2010<br \/>\n<\/strong>Redaktionsassistentin in der ZDF-Wirtschaftsredaktion<em> makro (Mainz)<\/em><\/p>\n<p><strong>2004 bis 2009<\/strong><br \/>\nStudium der Kulturanthropologie und Europ\u00e4ischen Ethnologie,<br \/>\nSoziologie und Religionsphilosophie M.A. <em>(Goethe-Universit\u00e4t Frankfurt Main)<\/em><\/p>\n<p><strong>2007 \u2013 2008<\/strong><br \/>\nAuslandsstipendium an der <em>Universitat Aut\u00f2noma<\/em> in Barcelona;<br \/>\nMitarbeit an lokalen Print-, H\u00f6rfunk- und Fernsehproduktionen<\/p>\n","protected":false},"excerpt":{"rendered":"<p>Geboren 1984 in Meschede, Nordrhein-Westfalen. Kindergarten, Grundschule und Abitur in und um Schmallenberg im Sauerland, danach raus aus dem Teller und \u00fcber den Rand nach Frankfurt am Main.\u00a0Dort Studium der Kulturanthropologie (M.A.) mit Stipendium in Barcelona und anschlie\u00dfender Journalistenschule Buch- und Medienpraxis an der Goethe-Universit\u00e4t. Freie Mitarbeit und Praktika beim Fernsehen: ZDF und Hessischer Rundfunk. [&hellip;]<\/p>\n","protected":false},"author":1,"featured_media":328,"parent":0,"menu_order":2,"comment_status":"open","ping_status":"closed","template":"","meta":[],"_links":{"self":[{"href":"http:\/\/verena-troester.de\/index.php?rest_route=\/wp\/v2\/pages\/7"}],"collection":[{"href":"http:\/\/verena-troester.de\/index.php?rest_route=\/wp\/v2\/pages"}],"about":[{"href":"http:\/\/verena-troester.de\/index.php?rest_route=\/wp\/v2\/types\/page"}],"author":[{"embeddable":true,"href":"http:\/\/verena-troester.de\/index.php?rest_route=\/wp\/v2\/users\/1"}],"replies":[{"embeddable":true,"href":"http:\/\/verena-troester.de\/index.php?rest_route=%2Fwp%2Fv2%2Fcomments&post=7"}],"version-history":[{"count":25,"href":"http:\/\/verena-troester.de\/index.php?rest_route=\/wp\/v2\/pages\/7\/revisions"}],"predecessor-version":[{"id":352,"href":"http:\/\/verena-troester.de\/index.php?rest_route=\/wp\/v2\/pages\/7\/revisions\/352"}],"wp:featuredmedia":[{"embeddable":true,"href":"http:\/\/verena-troester.de\/index.php?rest_route=\/wp\/v2\/media\/328"}],"wp:attachment":[{"href":"http:\/\/verena-troester.de\/index.php?rest_route=%2Fwp%2Fv2%2Fmedia&parent=7"}],"curies":[{"name":"wp","href":"https:\/\/api.w.org\/{rel}","templated":true}]}}